pose -770 = -31*d + 129. Calculate the highest common factor of 3915 and d.
29
Suppose -2*k = -220 + 76. Let j = -83 - -119. Calculate the highest common divisor of j and k.
36
Let k = 70 - 122. Let y = 60 + k. Calculate the greatest common factor of 6 and y.
2
Let g(d) = 10*d**2 + 19*d - 9. Let r be g(-3). Calculate the greatest common factor of r and 56.
8
Suppose 2*s - 64 = -37*o + 33*o, 3*o = 3*s - 114. What is the greatest common factor of s and 792?
36
Let i = -9954 - -9984. Suppose -h - 5 = -0*h, h = 2*p - 185. Calculate the highest common factor of i and p.
30
Let t be -7 + 14 - 10/2. What is the greatest common factor of t and 3?
1
Let z be (108/(-30))/((-9)/210). Suppose -4*k - 2*b = -60, 0*k + 4*k + 3*b = 60. Suppose k = 5*u - 45. What is the greatest common divisor of u and z?
12
Let s be ((-2)/(-4))/((-1)/(-4)). Let j(d) = 5 - 10*d + 7 + 1 + d**s. Let b be j(9). What is the greatest common factor of 44 and b?
4
Suppose 0 = -5*b - 2*v + 43, 4*b + 5*v = 2*b + 34. Suppose -b*a + 66 = -4. Let y = -171 - -251. Calculate the highest common factor of y and a.
10
Let a(d) = 2*d**2 + 21*d - 10. Let r be a(-10). Let q(j) = -6*j + 2. Let x be q(3). Let i = x - r. What is the greatest common divisor of 1 and i?
1
Let u = 155 - 11. Calculate the greatest common factor of u and 180.
36
Let i(d) = d**2 + 9*d + 3. Let b be i(-9). Suppose b*p - 268 = -3*r - 2*p, -5*p + 76 = r. What is the greatest common factor of 24 and r?
24
Let o = 1041 - 1027. What is the highest common factor of o and 721?
7
Let l(h) = -h**3 - 6*h**2 - 2*h - 53. Let s be l(-8). What is the highest common factor of s and 1183?
91
Let i = -130 - -139. Let y be 358/(-9)*-1 + 2/i. Calculate the greatest common factor of y and 100.
20
Let s be 61 - ((-11)/(-1) - 22). Let u = 7 - 4. Suppose 4*m + 38 = u*k, 0 = -5*m + 19 + 1. What is the highest common factor of s and k?
18
Suppose 2*s - j + 18 = 4*s, 3*j + 34 = 2*s. What is the greatest common factor of s and 44?
11
Let o(f) = 2*f - 2*f - 6*f - f - 6 - f**2. Let i be o(-9). Let v be i*(36/(-8))/3. Calculate the highest common factor of 12 and v.
12
Let u be 80/12*(-3)/(-2). Suppose 8*o = -280 - 0. Let j be (10/o)/((-2)/14). What is the greatest common divisor of u and j?
2
Suppose 11*n = -51 - 4. Let q(o) = -5 + 4 + o - 4*o. Let g be q(n). What is the highest common divisor of 70 and g?
14
Let x = 876 - 865. Suppose 2*t = -2*t + 316. Suppose -3*w = -5*d - 119, 3*w = d - 6*d + t. What is the greatest common divisor of w and x?
11
Suppose 0 = 222*b - 202*b - 200. Calculate the highest common divisor of b and 1390.
10
Suppose 21 = -3*g + 6*g. Suppose 3*y + 96 = -3*m, -2*y - m - 73 + 10 = 0. Let r = y + 38. Calculate the highest common factor of g and r.
7
Suppose -p + 36 = 5*b - 22, -5*p - 10 = 0. Calculate the highest common factor of b and 768.
12
Let t = -4 - -8. Suppose 2*i - t*o - 8 = 0, 7*o + 12 = 5*i + 5*o. What is the greatest common divisor of 3 and i?
1
Let k be (-5)/(-4)*(-264)/(-55). Let t be 1/(((-2)/18)/(-1)). Calculate the highest common factor of t and k.
3
Suppose v - 4*v = 144. Let b = v + 83. Calculate the greatest common factor of b and 7.
7
Let n be -3*(-368)/12 - 4. Let o = -23 - -31. What is the greatest common factor of n and o?
8
Let z(s) = -4*s - 12. Let a be z(-18). Let y = 27 + -15. Calculate the greatest common divisor of y and a.
12
Let y(n) = 2*n**2 + 27*n + 10. Let p be y(-14). Suppose v - 115 = -3*a - p, -v = a - 89. What is the greatest common factor of v and 11?
11
Let r(a) = a**2 - 6*a + 8. Let c be r(5). Suppose 2*o = c*x - 229, -2*o = -3*x + o + 228. Calculate the greatest common factor of x and 7.
7
Suppose 0 = -n - 2*n + 39. Let q = -1617 + 1734. Calculate the greatest common divisor of n and q.
13
Let g(r) = 85*r**2 + 3*r - 4. Let v be g(3). Suppose -h + v = 6*h. What is the greatest common factor of h and 44?
22
Suppose -31*b + 364 + 380 = 0. Calculate the greatest common divisor of b and 12.
12
Suppose 11*z + v + 119 = 12*z, 0 = -2*z + 4*v + 246. Calculate the greatest common divisor of z and 138.
23
Suppose -2*w - 5*t = 6 - 15, -3*w + 24 = -3*t. Suppose -w*f = -6*f - 12. Calculate the highest common divisor of f and 60.
12
Let a = -123 + 228. Suppose 6*r + a = 1887. Calculate the greatest common divisor of 33 and r.
33
Let b(w) = 3*w - 18. Suppose -2*t = -f - 3*t + 11, f + 5*t - 11 = 0. Let z be b(f). What is the highest common divisor of z and 60?
15
Suppose -249 = -5*i + 3*c, i - 2*i - 4*c + 36 = 0. Let s be 1/2 - 121/(-22). What is the highest common divisor of s and i?
6
Let w be (-5 - -5)/(4/(-2)). Let a(i) = -2*i + 12. Let g be a(w). What is the greatest common divisor of g and 108?
12
Let n(v) = -51*v**3 + 3*v**2 - 3*v. Let i be n(1). Let q = i + 54. Calculate the highest common divisor of q and 27.
3
Let w be (-112)/70*(-5)/(-2). Let p be w/(-5) + (-16)/(-5). What is the greatest common factor of p and 32?
4
Let w be 194730/165 + (36/44 - 1). What is the greatest common factor of 40 and w?
20
Let l = 0 + 10. Suppose 5*z = -4*c + 6*c - 75, 3*z + 2*c = -45. Let u be 6*(-101)/z + (-4)/10. What is the greatest common divisor of u and l?
10
Let o(z) = 36*z**2 + 11*z + 9. Let l(m) = -12*m**2 - 4*m - 3. Let w(c) = 8*l(c) + 3*o(c). Let g be w(-2). Calculate the highest common factor of g and 7.
7
Suppose 4*o = -0*o + 44. Suppose 56 - o = -5*s. Let g be (-3)/s + 35/3. What is the highest common divisor of 12 and g?
12
Let k(y) = y**3 - 15*y**2 + 13*y + 44. Let i be k(14). Calculate the highest common divisor of i and 105.
15
Let s(k) = -2*k. Let c be s(0). Suppose 120 = 4*u - c*u. What is the greatest common factor of 20 and u?
10
Let f = -10 + 42. What is the highest common divisor of 352 and f?
32
Suppose 31*j - 432 = 19*j. What is the greatest common divisor of 120 and j?
12
Let s be ((-10)/15)/((-1)/45). Let x(t) = t**2 - t + 3. Let a be x(7). What is the greatest common divisor of a and s?
15
Let g(j) = 11*j - 280. Let d be g(28). Calculate the greatest common divisor of 224 and d.
28
Let q = 9 + -9. Suppose -4*j + 2*k + q*k = -6, -5*j = -4*k - 12. Suppose j = 3*d + a - 32, -4*d + 5*a = -6*d + 4. What is the highest common factor of 96 and d?
12
Let m(r) = r**2 + 11*r - 7. Let c be (0 - -2 - -2) + -14. Let p be m(c). Let b = 32 + p. What is the greatest common divisor of 60 and b?
15
Let b(q) = 15*q**2 - 4*q - 3. Let f be b(-1). Suppose 0 = -4*s - f + 76. Calculate the highest common factor of 60 and s.
15
Let n be (-6)/(-9) - 58/(-3). Let o = 54 - n. Suppose 5*h = 3*h + o. What is the greatest common divisor of h and 119?
17
Suppose 13*q - 191 - 134 = 0. Suppose -2*x + 4*t + q + 39 = 0, -4*t = 2*x - 72. Calculate the greatest common factor of x and 85.
17
Suppose 5*j - 83 = -2*h, 4*h = -j - 2*j + 145. Calculate the highest common divisor of h and 187.
17
Suppose 15 = 3*m, -5*x - 5*m + 3*m + 200 = 0. Suppose -k + 4 + 53 = 0. What is the greatest common factor of k and x?
19
Let a be 3/((-6)/(-32)) + 3 + -2. Suppose -20*f + 3 = -a*f. What is the highest common divisor of 9 and f?
1
Suppose -367*q = -374*q + 3822. Calculate the highest common divisor of 42 and q.
42
Suppose -l = -5, -4*x + 2*x + 2 = -4*l. Let z(f) = f**3 - 14*f**2 + 16*f - 17. Let s be z(13). Calculate the highest common factor of x and s.
11
Suppose 468 = 11*f - 533. Let c = 19 + -6. Calculate the greatest common divisor of c and f.
13
Let y(p) = 2 + 6 - 6 + p**2. Let m be y(-4). Let h be m/63 - 502/(-7). Calculate the greatest common divisor of 8 and h.
8
Suppose 4*p - 5*m = 279, 5*p - 39*m - 400 = -43*m. Calculate the greatest common divisor of 95 and p.
19
Let j = 4 - 2. Let t be j + 0 - -1 - -44. Suppose -8*o + 3*o + 41 = v, -3*v = -4*o - t. What is the greatest common divisor of v and 189?
21
Let m(u) = -2*u - 1. Let p be m(-2). Let y = 16 - p. Let s = y + 0. Calculate the highest common divisor of s and 143.
13
Suppose -5*w - y + 41 - 271 = 0, 0 = 2*w - 3*y + 75. Let g = w - -12. Let v = g + 61. What is the greatest common factor of v and 14?
14
Let h be (1218/(-45) - 10/(-25))*-15. What is the highest common factor of h and 160?
80
Suppose 37*q - 30*q - 693 = 0. Calculate the highest common divisor of 44 and q.
11
Let c = 11 + -7. Suppose -c*d = -6 - 2. Suppose h = -d*h + 75. Calculate the greatest common fact